git of 3206851933?
1
What is the ten thousands digit of 518786397?
8
What is the ten thousands digit of 44862363?
6
What is the tens digit of 36308231?
3
What is the thousands digit of 1994711971?
1
What is the millions digit of 94022965?
4
What is the units digit of 48121745?
5
What is the ten millions digit of 591819795?
9
What is the ten thousands digit of 739730655?
3
What is the hundreds digit of 2057061795?
7
What is the hundred millions digit of 434504131?
4
What is the hundred millions digit of 789192260?
7
What is the hundred thousands digit of 3148076053?
0
What is the hundred millions digit of 3174343372?
1
What is the tens digit of 91209632?
3
What is the ten thousands digit of 102990523?
9
What is the thousands digit of 3325499618?
9
What is the ten millions digit of 89546767?
8
What is the tens digit of 167292537?
3
What is the tens digit of 959865593?
9
What is the hundred millions digit of 115883729?
1
What is the ten millions digit of 354065484?
5
What is the ten thousands digit of 148569453?
6
What is the hundred thousands digit of 813840526?
8
What is the hundreds digit of 11282497?
4
What is the hundred thousands digit of 96891909?
8
What is the ten thousands digit of 76171076?
7
What is the tens digit of 80393739?
3
What is the hundred millions digit of 690814376?
6
What is the billions digit of 1815731089?
1
What is the millions digit of 134526393?
4
What is the hundred millions digit of 203077008?
2
What is the tens digit of 362173?
7
What is the tens digit of 81958431?
3
What is the tens digit of 42164541?
4
What is the hundred millions digit of 342950750?
3
What is the units digit of 64681350?
0
What is the tens digit of 66412491?
9
What is the ten millions digit of 8601010579?
0
What is the units digit of 1011984281?
1
What is the millions digit of 1464904137?
4
What is the hundred millions digit of 125851502?
1
What is the units digit of 224847350?
0
What is the tens digit of 142350348?
4
What is the ten millions digit of 485520199?
8
What is the tens digit of 32551123?
2
What is the hundred millions digit of 110025216?
1
What is the hundreds digit of 55732789?
7
What is the hundred thousands digit of 101071378?
0
What is the billions digit of 5716776046?
5
What is the hundred thousands digit of 7964709?
9
What is the millions digit of 2708323695?
8
What is the ten millions digit of 181918878?
8
What is the thousands digit of 1607693463?
3
What is the hundred millions digit of 544813681?
5
What is the hundreds digit of 252904316?
3
What is the ten millions digit of 92162779?
9
What is the millions digit of 727954823?
7
What is the ten thousands digit of 150558987?
5
What is the thousands digit of 913020132?
0
What is the units digit of 16352896?
6
What is the thousands digit of 27830499?
0
What is the hundreds digit of 68638672?
6
What is the units digit of 19597351?
1
What is the ten thousands digit of 15113683?
1
What is the tens digit of 205258436?
3
What is the hundred thousands digit of 175378635?
3
What is the tens digit of 5226205207?
0
What is the hundred millions digit of 183837899?
1
What is the units digit of 922042791?
1
What is the billions digit of 3571187462?
3
What is the hundreds digit of 86801233?
2
What is the tens digit of 598294819?
1
What is the hundred millions digit of 1004419669?
0
What is the ten thousands digit of 47243672?
4
What is the tens digit of 88911284?
8
What is the hundred thousands digit of 56017023?
0
What is the ten millions digit of 44850469?
4
What is the ten millions digit of 564439929?
6
What is the hundreds digit of 1267084816?
8
What is the hundred millions digit of 464306664?
4
What is the units digit of 1953634863?
3
What is the ten millions digit of 86289758?
8
What is the hundreds digit of 815146734?
7
What is the hundreds digit of 20696147?
1
What is the ten thousands digit of 375810214?
1
What is the tens digit of 3812577973?
7
What is the millions digit of 44294009?
4
What is the tens digit of 22607942?
4
What is the tens digit of 2625762197?
9
What is the hundred thousands digit of 329612570?
6
What is the millions digit of 5183188632?
3
What is the tens digit of 190591197?
9
What is the units digit of 2586761110?
0
What is the billions digit of 1772196395?
1
What is the hundred thousands digit of 2082141843?
1
What is the ten thousands digit of 290024038?
2
What is the thousands digit of 56619393?
9
What is the units digit of 36440014?
4
What is the hundreds digit of 1112375340?
3
What is the units digit of 135478451?
1
What is the thousands digit of 8530332171?
2
What is the units digit of 36068699?
9
What is the ten thousands digit of 6828117776?
1
What is the tens digit of 292135715?
1
What is the millions digit of 296860164?
6
What is the hundred millions digit of 1747305020?
7
What is the hundred millions digit of 4345532062?
3
What is the ten millions digit of 802993577?
0
What is the billions digit of 8412434310?
8
What is the billions digit of 1531139526?
1
What is the hundred thousands digit of 249686612?
6
What is the tens digit of 1831675711?
1
What is the hundreds digit of 6562269?
2
What is the millions digit of 537384531?
7
What is the hundred millions digit of 1762721625?
7
What is the hundred thousands digit of 394291?
3
What is the hundred thousands digit of 2599659508?
6
What is the ten millions digit of 2385728398?
8
What is the thousands digit of 6437462318?
2
What is the tens digit of 1784984258?
5
What is the hundred thousands digit of 42439206?
4
What is the hundreds digit of 2466791160?
1
What is the ten thousands digit of 6918698525?
9
What is the tens digit of 305078831?
3
What is the ten millions digit of 16586002?
1
What is the thousands digit of 52183312?
3
What is the units digit of 573117755?
5
What is the hundred thousands digit of 1336955554?
9
What is the tens digit of 95833022?
2
What is the tens digit of 34736013?
1
What is the ten thousands digit of 226699668?
9
What is the ten thousands digit of 8691122852?
2
What is the millions digit of 314845879?
4
What is the ten thousands digit of 23619173?
1
What is the billions digit of 1438278526?
1
What is the hundred millions digit of 3570795926?
5
What is the units digit of 676859035?
5
What is the hundreds digit of 162512314?
3
What is the hundred thousands digit of 7785944?
7
What is the hundred thousands digit of 51932023?
9
What is the tens digit of 1296209884?
8
What is the hundreds digit of 50937416?
4
What is the ten millions digit of 579243032?
7
What is the ten thousands digit of 459337442?
3
What is the thousands digit of 935508825?
8
What is the ten millions digit of 389706526?
8
What is the hundred thousands digit of 576401666?
4
What is the ten millions digit of 633892047?
3
What is the ten thousands digit of 1268036?
6
What is the thousands digit of 342803031?
3
What is the thousands digit of 68401334?
1
What is the hundreds digit of 826369626?
6
What is the ten millions digit of 130548518?
3
What is the millions digit of 280192535?
0
What is the tens digit of 52867546?
4
What is the hundred thousands digit of 1489191042?
1
What is the units digit of 9185467?
7
What is the ten thousands digit of 14474146?
7
What is the tens digit of 98938042?
4
What is the ten millions digit of 535432280?
3
What is the ten thousands digit of 541292818?
9
What is the hundred millions digit of 518870654?
5
What is the hundred thousands digit of 77456185?
4
What is the units digit of 462502177?
7
What is the ten thousands digit of 169637616?
3
What is the units digit of 713534033?
3
What is the ten millions digit of 25702110?
2
What is the hundred thousands digit of 276936560?
9
What is the tens digit of 49557558?
5
What is the units digit of 1179630621?
1
What is the hundreds digit of 22179457?
4
What is the tens digit of 17279089?
8
What is the hundred thousands digit of 5906452982?
4
What is the units digit of 2569960790?
0
What is the thousands digit of 624934030?
4
What is the thousands digit of 207014328?
4
What is the millions digit of 332649842?
2
What is the hundreds digit of 89084073?
0
What is the hundreds digit of 1365138966?
9
What is the tens digit of 466191609?
0
What is the hundred thousands digit of 331636618?
6
What is the thousands digit of 576664634?
4
What is th